{"id":2689,"date":"2025-04-19T01:43:11","date_gmt":"2025-04-19T01:43:11","guid":{"rendered":"https:\/\/ammib.az\/missiyamiz-2\/"},"modified":"2025-04-19T01:44:30","modified_gmt":"2025-04-19T01:44:30","slug":"vizyon","status":"publish","type":"page","link":"https:\/\/ammib.az\/?page_id=2689","title":{"rendered":"Bax\u0131\u015f\u0131m\u0131z"},"content":{"rendered":"\t\t<div data-elementor-type=\"wp-page\" data-elementor-id=\"2689\" class=\"elementor elementor-2689\" data-elementor-post-type=\"page\">\n\t\t\t\t<div class=\"elementor-element elementor-element-511985b3 e-con-full e-flex e-con e-parent\" data-id=\"511985b3\" data-element_type=\"container\">\n\t\t<div class=\"elementor-element elementor-element-5204e200 e-con-full e-flex e-con e-child\" data-id=\"5204e200\" data-element_type=\"container\">\n\t\t\t\t<div class=\"elementor-element elementor-element-1bac1f72 elementor-widget elementor-widget-text-editor\" data-id=\"1bac1f72\" data-element_type=\"widget\" data-widget_type=\"text-editor.default\">\n\t\t\t\t<div class=\"elementor-widget-container\">\n\t\t\t\t\t\t\t\t\t<p>T\u0259\u015fkilat\u0131m\u0131z g\u0259l\u0259c\u0259kd\u0259 migren v\u0259 ba\u015f a\u011fr\u0131lar\u0131 sah\u0259sind\u0259 ixtisasla\u015fm\u0131\u015f pe\u015f\u0259kar icman\u0131n:<\/p><ul><li>Dayan\u0131ql\u0131 elmi\u2011t\u0259dris m\u00fchiti yaradaraq \u00f6lk\u0259d\u0259 t\u0259dqiqat v\u0259 t\u0259hsilin s\u0259viyy\u0259sini y\u00fcks\u0259ltm\u0259sini<\/li><li>X\u0259st\u0259l\u0259r\u0259 daha s\u00fcr\u0259tli v\u0259 effektiv m\u00fcalic\u0259 standartlar\u0131 t\u0259qdim etm\u0259sini<\/li><li>Elmi yenilikl\u0259ri v\u0259 innovativ m\u00fcalic\u0259 metodlar\u0131n\u0131 \u015f\u0259ffaf \u015f\u0259kild\u0259 payla\u015fmas\u0131n\u0131<\/li><li>Az\u0259rbaycan\u0131 regionda migren t\u0259dqiqat v\u0259 t\u0259cr\u00fcb\u0259 m\u0259rk\u0259zi kimi tan\u0131d\u0131lmas\u0131n\u0131 h\u0259d\u0259fl\u0259yir.<\/li><\/ul>\t\t\t\t\t\t\t\t<\/div>\n\t\t\t\t<\/div>\n\t\t\t\t<\/div>\n\t\t\t\t<\/div>\n\t\t\t\t<\/div>\n\t\t","protected":false},"excerpt":{"rendered":"<p>T\u0259\u015fkilat\u0131m\u0131z g\u0259l\u0259c\u0259kd\u0259 migren v\u0259 ba\u015f a\u011fr\u0131lar\u0131 sah\u0259sind\u0259 ixtisasla\u015fm\u0131\u015f pe\u015f\u0259kar icman\u0131n: Dayan\u0131ql\u0131 elmi\u2011t\u0259dris m\u00fchiti yaradaraq \u00f6lk\u0259d\u0259 t\u0259dqiqat v\u0259 t\u0259hsilin s\u0259viyy\u0259sini y\u00fcks\u0259ltm\u0259sini X\u0259st\u0259l\u0259r\u0259 daha s\u00fcr\u0259tli v\u0259 effektiv m\u00fcalic\u0259 standartlar\u0131 t\u0259qdim etm\u0259sini Elmi yenilikl\u0259ri v\u0259 innovativ m\u00fcalic\u0259 metodlar\u0131n\u0131 \u015f\u0259ffaf \u015f\u0259kild\u0259 payla\u015fmas\u0131n\u0131 Az\u0259rbaycan\u0131 regionda migren t\u0259dqiqat v\u0259 t\u0259cr\u00fcb\u0259 m\u0259rk\u0259zi kimi tan\u0131d\u0131lmas\u0131n\u0131 h\u0259d\u0259fl\u0259yir.<\/p>\n","protected":false},"author":1,"featured_media":0,"parent":0,"menu_order":0,"comment_status":"closed","ping_status":"closed","template":"","meta":{"slim_seo":{"title":"Bax\u0131\u015f\u0131m\u0131z - Az\u0259rbaycan Miqren M\u00fct\u0259x\u0259ssisl\u0259ri \u0130ctimayi Birliyi","description":"T\u0259\u015fkilat\u0131m\u0131z g\u0259l\u0259c\u0259kd\u0259 migren v\u0259 ba\u015f a\u011fr\u0131lar\u0131 sah\u0259sind\u0259 ixtisasla\u015fm\u0131\u015f pe\u015f\u0259kar icman\u0131n: Dayan\u0131ql\u0131 elmi\u2011t\u0259dris m\u00fchiti yaradaraq \u00f6lk\u0259d\u0259 t\u0259dqiqat v\u0259 t\u0259hsilin s\u0259viyy"},"footnotes":""},"class_list":["post-2689","page","type-page","status-publish"],"_links":{"self":[{"href":"https:\/\/ammib.az\/index.php?rest_route=\/wp\/v2\/pages\/2689","targetHints":{"allow":["GET"]}}],"collection":[{"href":"https:\/\/ammib.az\/index.php?rest_route=\/wp\/v2\/pages"}],"about":[{"href":"https:\/\/ammib.az\/index.php?rest_route=\/wp\/v2\/types\/page"}],"author":[{"embeddable":true,"href":"https:\/\/ammib.az\/index.php?rest_route=\/wp\/v2\/users\/1"}],"replies":[{"embeddable":true,"href":"https:\/\/ammib.az\/index.php?rest_route=%2Fwp%2Fv2%2Fcomments&post=2689"}],"version-history":[{"count":4,"href":"https:\/\/ammib.az\/index.php?rest_route=\/wp\/v2\/pages\/2689\/revisions"}],"predecessor-version":[{"id":2693,"href":"https:\/\/ammib.az\/index.php?rest_route=\/wp\/v2\/pages\/2689\/revisions\/2693"}],"wp:attachment":[{"href":"https:\/\/ammib.az\/index.php?rest_route=%2Fwp%2Fv2%2Fmedia&parent=2689"}],"curies":[{"name":"wp","href":"https:\/\/api.w.org\/{rel}","templated":true}]}}