{"id":2704,"date":"2025-04-19T01:50:02","date_gmt":"2025-04-19T01:50:02","guid":{"rendered":"https:\/\/ammib.az\/haqqimizda-2\/"},"modified":"2025-04-19T15:58:53","modified_gmt":"2025-04-19T11:58:53","slug":"xeberler","status":"publish","type":"page","link":"https:\/\/ammib.az\/?page_id=2704","title":{"rendered":"X\u0259b\u0259rl\u0259r"},"content":{"rendered":"\t\t<div data-elementor-type=\"wp-page\" data-elementor-id=\"2704\" class=\"elementor elementor-2704\" data-elementor-post-type=\"page\">\n\t\t\t\t<div class=\"elementor-element elementor-element-511985b3 e-con-full e-flex e-con e-parent\" data-id=\"511985b3\" data-element_type=\"container\">\n\t\t<div class=\"elementor-element elementor-element-5204e200 e-con-full e-flex e-con e-child\" data-id=\"5204e200\" data-element_type=\"container\">\n\t\t\t\t<div class=\"elementor-element elementor-element-ef71b6c elementor-widget elementor-widget-foxiz-grid-1\" data-id=\"ef71b6c\" data-element_type=\"widget\" data-widget_type=\"foxiz-grid-1.default\">\n\t\t\t\t<div class=\"elementor-widget-container\">\n\t\t\t\t\t<div id=\"uid_ef71b6c\" class=\"block-wrap block-grid block-grid-1 rb-columns rb-col-3 is-gap-20 ecat-bg-4 meta-s-gray-line\"><div class=\"block-inner\">\t\t<div class=\"p-wrap p-grid p-grid-1\" data-pid=\"2997\">\r\n\t\t\t\t<div class=\"feat-holder\">\r\n\t\t\t\t\t\t<div class=\"p-featured\">\r\n\t\t\t\t\t<a class=\"p-flink\" href=\"https:\/\/ammib.az\/?p=2997\" title=\"Bak\u0131da Beyn\u0259lxalq Miqren v\u0259 Ba\u015f a\u011fr\u0131lar\u0131 Konfrans\u0131 ke\u00e7irildi\">\r\n\t\t\t<img loading=\"lazy\" decoding=\"async\" width=\"420\" height=\"280\" src=\"https:\/\/ammib.az\/wp-content\/uploads\/2025\/12\/IMG_8052-420x280.webp\" class=\"featured-img wp-post-image\" alt=\"Img 8052\" loading=\"lazy\" \/>\t\t<\/a>\r\n\t\t\t\t<\/div>\r\n\t<div class=\"p-categories light-scheme p-top\"><a class=\"p-category category-id-1\" href=\"https:\/\/ammib.az\/?cat=1\" rel=\"category\">X\u0259b\u0259r<\/a><\/div><\/div>\r\n\t\t<h3 class=\"entry-title\">\t\t<a class=\"p-url\" href=\"https:\/\/ammib.az\/?p=2997\" rel=\"bookmark\">Bak\u0131da Beyn\u0259lxalq Miqren v\u0259 Ba\u015f a\u011fr\u0131lar\u0131 Konfrans\u0131 ke\u00e7irildi<\/a><\/h3><p class=\"entry-summary\">20 dekabr 2025-ci il tarixind\u0259 Bak\u0131 \u015f\u0259h\u0259rind\u0259 Az\u0259rbaycan Miqren M\u00fct\u0259x\u0259ssisl\u0259ri \u0130ctimai Birliyinin&hellip;<\/p>\r\n\t\t\t\t\t<\/div>\r\n\t\t\t<div class=\"p-wrap p-grid p-grid-1\" data-pid=\"2992\">\r\n\t\t\t\t<div class=\"feat-holder\">\r\n\t\t\t\t\t\t<div class=\"p-featured\">\r\n\t\t\t\t\t<a class=\"p-flink\" href=\"https:\/\/ammib.az\/?p=2992\" title=\"S\u0259hiyy\u0259 Nazirliyind\u0259 beyn\u0259lxalq al\u0259md\u0259 y\u00fcks\u0259k n\u00fcfuza malik olan tibb m\u00fct\u0259x\u0259ssisl\u0259ri il\u0259 g\u00f6r\u00fc\u015f ke\u00e7irilib\">\r\n\t\t\t<img loading=\"lazy\" decoding=\"async\" width=\"420\" height=\"280\" src=\"https:\/\/ammib.az\/wp-content\/uploads\/2025\/12\/umumi-420x280.jpg\" class=\"featured-img wp-post-image\" alt=\"Umumi\" loading=\"lazy\" \/>\t\t<\/a>\r\n\t\t\t\t<\/div>\r\n\t<div class=\"p-categories light-scheme p-top\"><a class=\"p-category category-id-1\" href=\"https:\/\/ammib.az\/?cat=1\" rel=\"category\">X\u0259b\u0259r<\/a><\/div><\/div>\r\n\t\t<h3 class=\"entry-title\">\t\t<a class=\"p-url\" href=\"https:\/\/ammib.az\/?p=2992\" rel=\"bookmark\">S\u0259hiyy\u0259 Nazirliyind\u0259 beyn\u0259lxalq al\u0259md\u0259 y\u00fcks\u0259k n\u00fcfuza malik olan tibb m\u00fct\u0259x\u0259ssisl\u0259ri il\u0259 g\u00f6r\u00fc\u015f ke\u00e7irilib<\/a><\/h3><p class=\"entry-summary\">Az\u0259rbaycan\u0131n S\u0259hiyy\u0259 Nazirliyind\u0259 ba\u015f a\u011fr\u0131lar\u0131 \u00fczr\u0259 beyn\u0259lxalq al\u0259md\u0259 y\u00fcks\u0259k n\u00fcfuza malik olan&hellip;<\/p>\r\n\t\t\t\t\t<\/div>\r\n\t\t\t<div class=\"p-wrap p-grid p-grid-1\" data-pid=\"2972\">\r\n\t\t\t\t<div class=\"feat-holder\">\r\n\t\t\t\t\t\t<div class=\"p-featured\">\r\n\t\t\t\t\t<a class=\"p-flink\" href=\"https:\/\/ammib.az\/?p=2972\" title=\"Az\u0259rbaycan Miqren M\u00fct\u0259x\u0259ssisl\u0259ri \u0130ctimai Birliyinin 1-ci \u0130llik Beyn\u0259lxalq Konfrans\u0131\">\r\n\t\t\t<img loading=\"lazy\" decoding=\"async\" width=\"420\" height=\"280\" src=\"https:\/\/ammib.az\/wp-content\/uploads\/2025\/07\/back-420x280.png\" class=\"featured-img wp-post-image\" alt=\"Back\" loading=\"lazy\" \/>\t\t<\/a>\r\n\t\t\t\t<\/div>\r\n\t<div class=\"p-categories light-scheme p-top\"><a class=\"p-category category-id-1\" href=\"https:\/\/ammib.az\/?cat=1\" rel=\"category\">X\u0259b\u0259r<\/a><\/div><\/div>\r\n\t\t<h3 class=\"entry-title\">\t\t<a class=\"p-url\" href=\"https:\/\/ammib.az\/?p=2972\" rel=\"bookmark\">Az\u0259rbaycan Miqren M\u00fct\u0259x\u0259ssisl\u0259ri \u0130ctimai Birliyinin 1-ci \u0130llik Beyn\u0259lxalq Konfrans\u0131<\/a><\/h3><p class=\"entry-summary\">Az\u0259rbaycan Miqren M\u00fct\u0259x\u0259ssisl\u0259ri \u0130ctimai Birliyinin (AMM\u0130B) \u0130dar\u0259 Hey\u0259ti ad\u0131ndan sizi 20 dekabr&hellip;<\/p>\r\n\t\t\t\t\t<\/div>\r\n\t\t\t<div class=\"p-wrap p-grid p-grid-1\" data-pid=\"2951\">\r\n\t\t\t\t<div class=\"feat-holder\">\r\n\t\t\t\t\t\t<div class=\"p-featured\">\r\n\t\t\t\t\t<a class=\"p-flink\" href=\"https:\/\/ammib.az\/?p=2951\" title=\"Miqren d\u00fcnyada \u0259zabverici v\u0259 \u0259lilliy\u0259 g\u0259tirib \u00e7\u0131xaran ba\u015f a\u011fr\u0131lar\u0131 n\u00f6vl\u0259rin\u0259 aiddir\">\r\n\t\t\t<img loading=\"lazy\" decoding=\"async\" width=\"420\" height=\"280\" src=\"https:\/\/ammib.az\/wp-content\/uploads\/2025\/05\/1745021349363245730_1200x630-420x280.jpg\" class=\"featured-img wp-post-image\" alt=\"1745021349363245730 1200x630\" loading=\"lazy\" \/>\t\t<\/a>\r\n\t\t\t\t<\/div>\r\n\t<div class=\"p-categories light-scheme p-top\"><a class=\"p-category category-id-1\" href=\"https:\/\/ammib.az\/?cat=1\" rel=\"category\">X\u0259b\u0259r<\/a><\/div><\/div>\r\n\t\t<h3 class=\"entry-title\">\t\t<a class=\"p-url\" href=\"https:\/\/ammib.az\/?p=2951\" rel=\"bookmark\">Miqren d\u00fcnyada \u0259zabverici v\u0259 \u0259lilliy\u0259 g\u0259tirib \u00e7\u0131xaran ba\u015f a\u011fr\u0131lar\u0131 n\u00f6vl\u0259rin\u0259 aiddir<\/a><\/h3><p class=\"entry-summary\">Aktual problem olan miqren v\u0259 ba\u015f a\u011fr\u0131lar\u0131 d\u00fcnyada \u0259n \u00e7ox yay\u0131lm\u0131\u015f x\u0259st\u0259likl\u0259r&hellip;<\/p>\r\n\t\t\t\t\t<\/div>\r\n\t\t\t<div class=\"p-wrap p-grid p-grid-1\" data-pid=\"2811\">\r\n\t\t\t\t<div class=\"feat-holder\">\r\n\t\t\t\t\t\t<div class=\"p-featured\">\r\n\t\t\t\t\t<a class=\"p-flink\" href=\"https:\/\/ammib.az\/?p=2811\" title=\"\u201cMiqrenin diaqnostika v\u0259 idar\u0259 edilm\u0259sind\u0259 10 add\u0131m\u201d m\u00f6vzusunda elmi konfrans ke\u00e7irilib.\">\r\n\t\t\t<img loading=\"lazy\" decoding=\"async\" width=\"420\" height=\"280\" src=\"https:\/\/ammib.az\/wp-content\/uploads\/2024\/11\/26539-420x280.jpg\" class=\"featured-img wp-post-image\" alt=\"26539\" loading=\"lazy\" \/>\t\t<\/a>\r\n\t\t\t\t<\/div>\r\n\t<div class=\"p-categories light-scheme p-top\"><a class=\"p-category category-id-1\" href=\"https:\/\/ammib.az\/?cat=1\" rel=\"category\">X\u0259b\u0259r<\/a><\/div><\/div>\r\n\t\t<h3 class=\"entry-title\">\t\t<a class=\"p-url\" href=\"https:\/\/ammib.az\/?p=2811\" rel=\"bookmark\">\u201cMiqrenin diaqnostika v\u0259 idar\u0259 edilm\u0259sind\u0259 10 add\u0131m\u201d m\u00f6vzusunda elmi konfrans ke\u00e7irilib.<\/a><\/h3><p class=\"entry-summary\">Aprelin 18-d\u0259 Az\u0259rbaycan Tibb Universitetinin T\u0259dris-Terapevtik Klinikas\u0131nda \"Az\u0259rbaycan Miqren M\u00fct\u0259x\u0259ssisl\u0259ri\" \u0130ctimai Birliyinin&hellip;<\/p>\r\n\t\t\t\t\t<\/div>\r\n\t\t\t<div class=\"p-wrap p-grid p-grid-1\" data-pid=\"2982\">\r\n\t\t\t\t<div class=\"feat-holder\">\r\n\t\t\t\t\t\t<div class=\"p-featured\">\r\n\t\t\t\t\t<a class=\"p-flink\" href=\"https:\/\/ammib.az\/?p=2982\" title=\"\u0130lk d\u0259rgimiz yay\u0131mland\u0131\">\r\n\t\t\t<img loading=\"lazy\" decoding=\"async\" width=\"420\" height=\"280\" src=\"https:\/\/ammib.az\/wp-content\/uploads\/2025\/05\/chrome_sgEBMdalSc-420x280.png\" class=\"featured-img wp-post-image\" alt=\"Chrome sgebmdalsc\" loading=\"lazy\" \/>\t\t<\/a>\r\n\t\t\t\t<\/div>\r\n\t<div class=\"p-categories light-scheme p-top\"><a class=\"p-category category-id-1\" href=\"https:\/\/ammib.az\/?cat=1\" rel=\"category\">X\u0259b\u0259r<\/a><\/div><\/div>\r\n\t\t<h3 class=\"entry-title\">\t\t<a class=\"p-url\" href=\"https:\/\/ammib.az\/?p=2982\" rel=\"bookmark\">\u0130lk d\u0259rgimiz yay\u0131mland\u0131<\/a><\/h3><p class=\"entry-summary\">Miqren xroniki nevroloji x\u0259st\u0259likl\u0259r\u0259 aid edilib t\u0259krarlanan g\u00fccl\u00fc ba\u015f a\u011fr\u0131s\u0131 tutmalar\u0131, tutmalar\u0131n&hellip;<\/p>\r\n\t\t\t\t\t<\/div>\r\n\t<\/div><\/div>\t\t\t\t<\/div>\n\t\t\t\t<\/div>\n\t\t\t\t<\/div>\n\t\t\t\t<\/div>\n\t\t\t\t<\/div>\n\t\t","protected":false},"excerpt":{"rendered":"<p>edit X\u0259b\u0259r Iskera and Nolinia Agree to Historic Trade Pact Amid Economic Crisis The recent trade agreement between Iskera and Nolinia marks a historic milestone,&hellip; edit X\u0259b\u0259r Tensions Escalate Between Dorviana and Krystland Over Trade Disputes The recent trade agreement between Iskera and Nolinia marks a historic milestone,&hellip; edit X\u0259b\u0259r Sildan to Tighten Border Security [&hellip;]<\/p>\n","protected":false},"author":1,"featured_media":0,"parent":0,"menu_order":0,"comment_status":"closed","ping_status":"closed","template":"","meta":{"slim_seo":{"title":"\u0130lk d\u0259rgimiz yay\u0131mland\u0131 - Az\u0259rbaycan Miqren M\u00fct\u0259x\u0259ssisl\u0259ri \u0130ctimayi Birliyi","description":"Miqren xroniki nevroloji x\u0259st\u0259likl\u0259r\u0259 aid edilib t\u0259krarlanan g\u00fccl\u00fc ba\u015f a\u011fr\u0131s\u0131 tutmalar\u0131, tutmalar\u0131n \u00fcr\u0259kbulanma, qusma, parlaq i\u015f\u0131\u011f\u0131n v\u0259 s\u0259sin pis ke\u00e7irilm\u0259si i"},"footnotes":""},"class_list":["post-2704","page","type-page","status-publish"],"_links":{"self":[{"href":"https:\/\/ammib.az\/index.php?rest_route=\/wp\/v2\/pages\/2704","targetHints":{"allow":["GET"]}}],"collection":[{"href":"https:\/\/ammib.az\/index.php?rest_route=\/wp\/v2\/pages"}],"about":[{"href":"https:\/\/ammib.az\/index.php?rest_route=\/wp\/v2\/types\/page"}],"author":[{"embeddable":true,"href":"https:\/\/ammib.az\/index.php?rest_route=\/wp\/v2\/users\/1"}],"replies":[{"embeddable":true,"href":"https:\/\/ammib.az\/index.php?rest_route=%2Fwp%2Fv2%2Fcomments&post=2704"}],"version-history":[{"count":7,"href":"https:\/\/ammib.az\/index.php?rest_route=\/wp\/v2\/pages\/2704\/revisions"}],"predecessor-version":[{"id":2783,"href":"https:\/\/ammib.az\/index.php?rest_route=\/wp\/v2\/pages\/2704\/revisions\/2783"}],"wp:attachment":[{"href":"https:\/\/ammib.az\/index.php?rest_route=%2Fwp%2Fv2%2Fmedia&parent=2704"}],"curies":[{"name":"wp","href":"https:\/\/api.w.org\/{rel}","templated":true}]}}