{"id":2715,"date":"2025-04-19T01:52:43","date_gmt":"2025-04-19T01:52:43","guid":{"rendered":"https:\/\/ammib.az\/x%c9%99b%c9%99rl%c9%99r\/"},"modified":"2025-04-19T16:01:21","modified_gmt":"2025-04-19T12:01:21","slug":"tedbirler","status":"publish","type":"page","link":"https:\/\/ammib.az\/?page_id=2715","title":{"rendered":"T\u0259dbirl\u0259r"},"content":{"rendered":"\t\t<div data-elementor-type=\"wp-page\" data-elementor-id=\"2715\" class=\"elementor elementor-2715\" data-elementor-post-type=\"page\">\n\t\t\t\t<div class=\"elementor-element elementor-element-511985b3 e-con-full e-flex e-con e-parent\" data-id=\"511985b3\" data-element_type=\"container\">\n\t\t<div class=\"elementor-element elementor-element-5204e200 e-con-full e-flex e-con e-child\" data-id=\"5204e200\" data-element_type=\"container\">\n\t\t\t\t<div class=\"elementor-element elementor-element-d1d9e44 elementor-grid-3 elementor-grid-tablet-2 elementor-grid-mobile-1 elementor-posts--thumbnail-top elementor-widget elementor-widget-posts\" data-id=\"d1d9e44\" data-element_type=\"widget\" data-settings=\"{&quot;classic_columns&quot;:&quot;3&quot;,&quot;classic_columns_tablet&quot;:&quot;2&quot;,&quot;classic_columns_mobile&quot;:&quot;1&quot;,&quot;classic_row_gap&quot;:{&quot;unit&quot;:&quot;px&quot;,&quot;size&quot;:35,&quot;sizes&quot;:[]},&quot;classic_row_gap_tablet&quot;:{&quot;unit&quot;:&quot;px&quot;,&quot;size&quot;:&quot;&quot;,&quot;sizes&quot;:[]},&quot;classic_row_gap_mobile&quot;:{&quot;unit&quot;:&quot;px&quot;,&quot;size&quot;:&quot;&quot;,&quot;sizes&quot;:[]}}\" data-widget_type=\"posts.classic\">\n\t\t\t\t<div class=\"elementor-widget-container\">\n\t\t\t\t\t\t\t<div class=\"elementor-posts-container elementor-posts elementor-posts--skin-classic elementor-grid\">\n\t\t\t\t<article class=\"elementor-post elementor-grid-item post-2997 post type-post status-publish format-gallery has-post-thumbnail category-xeber post_format-post-format-gallery\">\n\t\t\t\t<a class=\"elementor-post__thumbnail__link\" href=\"https:\/\/ammib.az\/?p=2997\" tabindex=\"-1\" >\n\t\t\t<div class=\"elementor-post__thumbnail\"><img loading=\"lazy\" loading=\"lazy\" decoding=\"async\" width=\"300\" height=\"225\" src=\"https:\/\/ammib.az\/wp-content\/uploads\/2025\/12\/IMG_8052-300x225.webp\" class=\"attachment-medium size-medium wp-image-2998\" alt=\"Img 8052\" \/><\/div>\n\t\t<\/a>\n\t\t\t\t<div class=\"elementor-post__text\">\n\t\t\t\t<h3 class=\"elementor-post__title\">\n\t\t\t<a href=\"https:\/\/ammib.az\/?p=2997\" >\n\t\t\t\tBak\u0131da Beyn\u0259lxalq Miqren v\u0259 Ba\u015f a\u011fr\u0131lar\u0131 Konfrans\u0131 ke\u00e7irildi\t\t\t<\/a>\n\t\t<\/h3>\n\t\t\t\t<div class=\"elementor-post__meta-data\">\n\t\t\t\t\t<span class=\"elementor-post-date\">\n\t\t\t21 Dekabr, 2025\t\t<\/span>\n\t\t\t\t<\/div>\n\t\t\t\t<\/div>\n\t\t\t\t<\/article>\n\t\t\t\t<article class=\"elementor-post elementor-grid-item post-2992 post type-post status-publish format-standard has-post-thumbnail category-xeber\">\n\t\t\t\t<a class=\"elementor-post__thumbnail__link\" href=\"https:\/\/ammib.az\/?p=2992\" tabindex=\"-1\" >\n\t\t\t<div class=\"elementor-post__thumbnail\"><img loading=\"lazy\" loading=\"lazy\" decoding=\"async\" width=\"300\" height=\"200\" src=\"https:\/\/ammib.az\/wp-content\/uploads\/2025\/12\/umumi-300x200.jpg\" class=\"attachment-medium size-medium wp-image-2994\" alt=\"Umumi\" \/><\/div>\n\t\t<\/a>\n\t\t\t\t<div class=\"elementor-post__text\">\n\t\t\t\t<h3 class=\"elementor-post__title\">\n\t\t\t<a href=\"https:\/\/ammib.az\/?p=2992\" >\n\t\t\t\tS\u0259hiyy\u0259 Nazirliyind\u0259 beyn\u0259lxalq al\u0259md\u0259 y\u00fcks\u0259k n\u00fcfuza malik olan tibb m\u00fct\u0259x\u0259ssisl\u0259ri il\u0259 g\u00f6r\u00fc\u015f ke\u00e7irilib\t\t\t<\/a>\n\t\t<\/h3>\n\t\t\t\t<div class=\"elementor-post__meta-data\">\n\t\t\t\t\t<span class=\"elementor-post-date\">\n\t\t\t19 Dekabr, 2025\t\t<\/span>\n\t\t\t\t<\/div>\n\t\t\t\t<\/div>\n\t\t\t\t<\/article>\n\t\t\t\t<article class=\"elementor-post elementor-grid-item post-2972 post type-post status-publish format-standard has-post-thumbnail category-xeber\">\n\t\t\t\t<a class=\"elementor-post__thumbnail__link\" href=\"https:\/\/ammib.az\/?p=2972\" tabindex=\"-1\" >\n\t\t\t<div class=\"elementor-post__thumbnail\"><img loading=\"lazy\" loading=\"lazy\" decoding=\"async\" width=\"300\" height=\"169\" src=\"https:\/\/ammib.az\/wp-content\/uploads\/2025\/07\/back-300x169.png\" class=\"attachment-medium size-medium wp-image-2966\" alt=\"Back\" \/><\/div>\n\t\t<\/a>\n\t\t\t\t<div class=\"elementor-post__text\">\n\t\t\t\t<h3 class=\"elementor-post__title\">\n\t\t\t<a href=\"https:\/\/ammib.az\/?p=2972\" >\n\t\t\t\tAz\u0259rbaycan Miqren M\u00fct\u0259x\u0259ssisl\u0259ri \u0130ctimai Birliyinin 1-ci \u0130llik Beyn\u0259lxalq Konfrans\u0131\t\t\t<\/a>\n\t\t<\/h3>\n\t\t\t\t<div class=\"elementor-post__meta-data\">\n\t\t\t\t\t<span class=\"elementor-post-date\">\n\t\t\t2 \u0130yul, 2025\t\t<\/span>\n\t\t\t\t<\/div>\n\t\t\t\t<\/div>\n\t\t\t\t<\/article>\n\t\t\t\t<article class=\"elementor-post elementor-grid-item post-2951 post type-post status-publish format-standard has-post-thumbnail category-xeber\">\n\t\t\t\t<a class=\"elementor-post__thumbnail__link\" href=\"https:\/\/ammib.az\/?p=2951\" tabindex=\"-1\" >\n\t\t\t<div class=\"elementor-post__thumbnail\"><img loading=\"lazy\" loading=\"lazy\" decoding=\"async\" width=\"300\" height=\"205\" src=\"https:\/\/ammib.az\/wp-content\/uploads\/2025\/05\/1745021349363245730_1200x630-300x205.jpg\" class=\"attachment-medium size-medium wp-image-2952\" alt=\"1745021349363245730 1200x630\" \/><\/div>\n\t\t<\/a>\n\t\t\t\t<div class=\"elementor-post__text\">\n\t\t\t\t<h3 class=\"elementor-post__title\">\n\t\t\t<a href=\"https:\/\/ammib.az\/?p=2951\" >\n\t\t\t\tMiqren d\u00fcnyada \u0259zabverici v\u0259 \u0259lilliy\u0259 g\u0259tirib \u00e7\u0131xaran ba\u015f a\u011fr\u0131lar\u0131 n\u00f6vl\u0259rin\u0259 aiddir\t\t\t<\/a>\n\t\t<\/h3>\n\t\t\t\t<div class=\"elementor-post__meta-data\">\n\t\t\t\t\t<span class=\"elementor-post-date\">\n\t\t\t26 May, 2025\t\t<\/span>\n\t\t\t\t<\/div>\n\t\t\t\t<\/div>\n\t\t\t\t<\/article>\n\t\t\t\t<article class=\"elementor-post elementor-grid-item post-2811 post type-post status-publish format-standard has-post-thumbnail category-xeber\">\n\t\t\t\t<a class=\"elementor-post__thumbnail__link\" href=\"https:\/\/ammib.az\/?p=2811\" tabindex=\"-1\" >\n\t\t\t<div class=\"elementor-post__thumbnail\"><img loading=\"lazy\" loading=\"lazy\" decoding=\"async\" width=\"300\" height=\"230\" src=\"https:\/\/ammib.az\/wp-content\/uploads\/2024\/11\/26539-300x230.jpg\" class=\"attachment-medium size-medium wp-image-2810\" alt=\"26539\" \/><\/div>\n\t\t<\/a>\n\t\t\t\t<div class=\"elementor-post__text\">\n\t\t\t\t<h3 class=\"elementor-post__title\">\n\t\t\t<a href=\"https:\/\/ammib.az\/?p=2811\" >\n\t\t\t\t\u201cMiqrenin diaqnostika v\u0259 idar\u0259 edilm\u0259sind\u0259 10 add\u0131m\u201d m\u00f6vzusunda elmi konfrans ke\u00e7irilib.\t\t\t<\/a>\n\t\t<\/h3>\n\t\t\t\t<div class=\"elementor-post__meta-data\">\n\t\t\t\t\t<span class=\"elementor-post-date\">\n\t\t\t26 May, 2025\t\t<\/span>\n\t\t\t\t<\/div>\n\t\t\t\t<\/div>\n\t\t\t\t<\/article>\n\t\t\t\t<article class=\"elementor-post elementor-grid-item post-2982 post type-post status-publish format-standard has-post-thumbnail category-xeber\">\n\t\t\t\t<a class=\"elementor-post__thumbnail__link\" href=\"https:\/\/ammib.az\/?p=2982\" tabindex=\"-1\" >\n\t\t\t<div class=\"elementor-post__thumbnail\"><img loading=\"lazy\" loading=\"lazy\" decoding=\"async\" width=\"211\" height=\"300\" src=\"https:\/\/ammib.az\/wp-content\/uploads\/2025\/05\/chrome_sgEBMdalSc-211x300.png\" class=\"attachment-medium size-medium wp-image-2871\" alt=\"Chrome sgebmdalsc\" \/><\/div>\n\t\t<\/a>\n\t\t\t\t<div class=\"elementor-post__text\">\n\t\t\t\t<h3 class=\"elementor-post__title\">\n\t\t\t<a href=\"https:\/\/ammib.az\/?p=2982\" >\n\t\t\t\t\u0130lk d\u0259rgimiz yay\u0131mland\u0131\t\t\t<\/a>\n\t\t<\/h3>\n\t\t\t\t<div class=\"elementor-post__meta-data\">\n\t\t\t\t\t<span class=\"elementor-post-date\">\n\t\t\t20 May, 2025\t\t<\/span>\n\t\t\t\t<\/div>\n\t\t\t\t<\/div>\n\t\t\t\t<\/article>\n\t\t\t\t<\/div>\n\t\t\n\t\t\t\t\t\t<\/div>\n\t\t\t\t<\/div>\n\t\t\t\t<\/div>\n\t\t\t\t<\/div>\n\t\t\t\t<\/div>\n\t\t","protected":false},"excerpt":{"rendered":"","protected":false},"author":1,"featured_media":0,"parent":0,"menu_order":0,"comment_status":"closed","ping_status":"closed","template":"","meta":{"slim_seo":{"title":"\u0130lk d\u0259rgimiz yay\u0131mland\u0131 - Az\u0259rbaycan Miqren M\u00fct\u0259x\u0259ssisl\u0259ri \u0130ctimayi Birliyi","description":"Miqren xroniki nevroloji x\u0259st\u0259likl\u0259r\u0259 aid edilib t\u0259krarlanan g\u00fccl\u00fc ba\u015f a\u011fr\u0131s\u0131 tutmalar\u0131, tutmalar\u0131n \u00fcr\u0259kbulanma, qusma, parlaq i\u015f\u0131\u011f\u0131n v\u0259 s\u0259sin pis ke\u00e7irilm\u0259si i"},"footnotes":""},"class_list":["post-2715","page","type-page","status-publish"],"_links":{"self":[{"href":"https:\/\/ammib.az\/index.php?rest_route=\/wp\/v2\/pages\/2715","targetHints":{"allow":["GET"]}}],"collection":[{"href":"https:\/\/ammib.az\/index.php?rest_route=\/wp\/v2\/pages"}],"about":[{"href":"https:\/\/ammib.az\/index.php?rest_route=\/wp\/v2\/types\/page"}],"author":[{"embeddable":true,"href":"https:\/\/ammib.az\/index.php?rest_route=\/wp\/v2\/users\/1"}],"replies":[{"embeddable":true,"href":"https:\/\/ammib.az\/index.php?rest_route=%2Fwp%2Fv2%2Fcomments&post=2715"}],"version-history":[{"count":7,"href":"https:\/\/ammib.az\/index.php?rest_route=\/wp\/v2\/pages\/2715\/revisions"}],"predecessor-version":[{"id":2790,"href":"https:\/\/ammib.az\/index.php?rest_route=\/wp\/v2\/pages\/2715\/revisions\/2790"}],"wp:attachment":[{"href":"https:\/\/ammib.az\/index.php?rest_route=%2Fwp%2Fv2%2Fmedia&parent=2715"}],"curies":[{"name":"wp","href":"https:\/\/api.w.org\/{rel}","templated":true}]}}