{"id":2742,"date":"2025-04-19T06:28:18","date_gmt":"2025-04-19T02:28:18","guid":{"rendered":"https:\/\/ammib.az\/haqqimizda-2\/"},"modified":"2025-05-26T05:34:48","modified_gmt":"2025-05-26T01:34:48","slug":"elaqe","status":"publish","type":"page","link":"https:\/\/ammib.az\/?page_id=2742","title":{"rendered":"\u018flaq\u0259"},"content":{"rendered":"\t\t<div data-elementor-type=\"wp-page\" data-elementor-id=\"2742\" class=\"elementor elementor-2742\" data-elementor-post-type=\"page\">\n\t\t\t\t<div class=\"elementor-element elementor-element-511985b3 e-con-full e-flex e-con e-parent\" data-id=\"511985b3\" data-element_type=\"container\">\n\t\t<div class=\"elementor-element elementor-element-5204e200 e-con-full e-flex e-con e-child\" data-id=\"5204e200\" data-element_type=\"container\">\n\t\t\t\t<div class=\"elementor-element elementor-element-ede2aaf elementor-widget elementor-widget-text-editor\" data-id=\"ede2aaf\" data-element_type=\"widget\" data-widget_type=\"text-editor.default\">\n\t\t\t\t<div class=\"elementor-widget-container\">\n\t\t\t\t\t\t\t\t\t<p>Biziml\u0259 \u0259laq\u0259 saxlamaq \u00fc\u00e7\u00fcn a\u015fa\u011f\u0131dak\u0131 m\u0259lumatlardan istifad\u0259 ed\u0259 bil\u0259rsiniz. Birliyimizin ofisi h\u0259ft\u0259i\u00e7i g\u00fcnl\u0259r saat 09:00-dan 17:00-d\u0259k a\u00e7\u0131qd\u0131r. Suallar\u0131n\u0131z\u0131, t\u0259klifl\u0259rinizi v\u0259 \u0259m\u0259kda\u015fl\u0131q ist\u0259kl\u0259rinizi m\u0259mnuniyy\u0259tl\u0259 cavabland\u0131rar\u0131q.<\/p>\t\t\t\t\t\t\t\t<\/div>\n\t\t\t\t<\/div>\n\t\t<div class=\"elementor-element elementor-element-f7bdf0a e-con-full e-flex e-con e-child\" data-id=\"f7bdf0a\" data-element_type=\"container\">\n\t\t<div class=\"elementor-element elementor-element-ab59b7f e-con-full e-flex e-con e-child\" data-id=\"ab59b7f\" data-element_type=\"container\">\n\t\t\t\t<div class=\"elementor-element elementor-element-6ef745b elementor-widget elementor-widget-text-editor\" data-id=\"6ef745b\" data-element_type=\"widget\" data-widget_type=\"text-editor.default\">\n\t\t\t\t<div class=\"elementor-widget-container\">\n\t\t\t\t\t\t\t\t\t<ul><li>\u00dcnvan: Yasamal rayonu, B\u0259\u015fir S\u0259f\u0259ro\u011flu k\u00fc\u00e7\u0259si, ev 7, m\u0259nzil 42, Bak\u0131, Az\u0259rbaycan<\/li><li>Telefon: +99450-263-04-35<\/li><li>E-po\u00e7t: info@ammib.az<\/li><\/ul>\t\t\t\t\t\t\t\t<\/div>\n\t\t\t\t<\/div>\n\t\t\t\t<\/div>\n\t\t<div class=\"elementor-element elementor-element-73af26a e-con-full e-flex e-con e-child\" data-id=\"73af26a\" data-element_type=\"container\">\n\t\t\t\t<div class=\"elementor-element elementor-element-b070652 elementor-button-align-stretch elementor-widget elementor-widget-form\" data-id=\"b070652\" data-element_type=\"widget\" data-settings=\"{&quot;step_next_label&quot;:&quot;Next&quot;,&quot;step_previous_label&quot;:&quot;Previous&quot;,&quot;button_width&quot;:&quot;100&quot;,&quot;step_type&quot;:&quot;number_text&quot;,&quot;step_icon_shape&quot;:&quot;circle&quot;}\" data-widget_type=\"form.default\">\n\t\t\t\t<div class=\"elementor-widget-container\">\n\t\t\t\t\t\t\t<form class=\"elementor-form\" method=\"post\" name=\"New Form\">\n\t\t\t<input type=\"hidden\" name=\"post_id\" value=\"2742\"\/>\n\t\t\t<input type=\"hidden\" name=\"form_id\" value=\"b070652\"\/>\n\t\t\t<input type=\"hidden\" name=\"referer_title\" value=\"\u018flaq\u0259\" \/>\n\n\t\t\t\t\t\t\t<input type=\"hidden\" name=\"queried_id\" value=\"2742\"\/>\n\t\t\t\n\t\t\t<div class=\"elementor-form-fields-wrapper elementor-labels-above\">\n\t\t\t\t\t\t\t\t<div class=\"elementor-field-type-text elementor-field-group elementor-column elementor-field-group-name elementor-col-50\">\n\t\t\t\t\t\t\t\t\t\t\t\t\t<input size=\"1\" type=\"text\" name=\"form_fields[name]\" id=\"form-field-name\" class=\"elementor-field elementor-size-sm  elementor-field-textual\" placeholder=\"Ad\u0131n\u0131z\">\n\t\t\t\t\t\t\t\t\t\t\t<\/div>\n\t\t\t\t\t\t\t\t<div class=\"elementor-field-type-email elementor-field-group elementor-column elementor-field-group-email elementor-col-50 elementor-field-required\">\n\t\t\t\t\t\t\t\t\t\t\t\t\t<input size=\"1\" type=\"email\" name=\"form_fields[email]\" id=\"form-field-email\" class=\"elementor-field elementor-size-sm  elementor-field-textual\" placeholder=\"Email\" required=\"required\">\n\t\t\t\t\t\t\t\t\t\t\t<\/div>\n\t\t\t\t\t\t\t\t<div class=\"elementor-field-type-textarea elementor-field-group elementor-column elementor-field-group-message elementor-col-100\">\n\t\t\t\t\t<textarea class=\"elementor-field-textual elementor-field  elementor-size-sm\" name=\"form_fields[message]\" id=\"form-field-message\" rows=\"4\" placeholder=\"M\u00fcraci\u0259t m\u0259tni\"><\/textarea>\t\t\t\t<\/div>\n\t\t\t\t\t\t\t\t<div class=\"elementor-field-group elementor-column elementor-field-type-submit elementor-col-100 e-form__buttons\">\n\t\t\t\t\t<button class=\"elementor-button elementor-size-sm\" type=\"submit\">\n\t\t\t\t\t\t<span class=\"elementor-button-content-wrapper\">\n\t\t\t\t\t\t\t\t\t\t\t\t\t\t\t\t\t\t\t\t\t\t<span class=\"elementor-button-text\">G\u00f6nd\u0259r<\/span>\n\t\t\t\t\t\t\t\t\t\t\t\t\t<\/span>\n\t\t\t\t\t<\/button>\n\t\t\t\t<\/div>\n\t\t\t<\/div>\n\t\t<\/form>\n\t\t\t\t\t\t<\/div>\n\t\t\t\t<\/div>\n\t\t\t\t<\/div>\n\t\t\t\t<\/div>\n\t\t\t\t<\/div>\n\t\t\t\t<\/div>\n\t\t\t\t<\/div>\n\t\t","protected":false},"excerpt":{"rendered":"<p>Biziml\u0259 \u0259laq\u0259 saxlamaq \u00fc\u00e7\u00fcn a\u015fa\u011f\u0131dak\u0131 m\u0259lumatlardan istifad\u0259 ed\u0259 bil\u0259rsiniz. Birliyimizin ofisi h\u0259ft\u0259i\u00e7i g\u00fcnl\u0259r saat 09:00-dan 17:00-d\u0259k a\u00e7\u0131qd\u0131r. Suallar\u0131n\u0131z\u0131, t\u0259klifl\u0259rinizi v\u0259 \u0259m\u0259kda\u015fl\u0131q ist\u0259kl\u0259rinizi m\u0259mnuniyy\u0259tl\u0259 cavabland\u0131rar\u0131q. \u00dcnvan: Yasamal rayonu, B\u0259\u015fir S\u0259f\u0259ro\u011flu k\u00fc\u00e7\u0259si, ev 7, m\u0259nzil 42, Bak\u0131, Az\u0259rbaycan Telefon: +99450-263-04-35 E-po\u00e7t: info@ammib.az<\/p>\n","protected":false},"author":1,"featured_media":0,"parent":0,"menu_order":0,"comment_status":"closed","ping_status":"closed","template":"","meta":{"slim_seo":{"title":"\u018flaq\u0259 - Az\u0259rbaycan Miqren M\u00fct\u0259x\u0259ssisl\u0259ri \u0130ctimayi Birliyi","description":"Biziml\u0259 \u0259laq\u0259 saxlamaq \u00fc\u00e7\u00fcn a\u015fa\u011f\u0131dak\u0131 m\u0259lumatlardan istifad\u0259 ed\u0259 bil\u0259rsiniz. Birliyimizin ofisi h\u0259ft\u0259i\u00e7i g\u00fcnl\u0259r saat 09:00-dan 17:00-d\u0259k a\u00e7\u0131qd\u0131r. Suallar\u0131n\u0131z\u0131,"},"footnotes":""},"class_list":["post-2742","page","type-page","status-publish"],"_links":{"self":[{"href":"https:\/\/ammib.az\/index.php?rest_route=\/wp\/v2\/pages\/2742","targetHints":{"allow":["GET"]}}],"collection":[{"href":"https:\/\/ammib.az\/index.php?rest_route=\/wp\/v2\/pages"}],"about":[{"href":"https:\/\/ammib.az\/index.php?rest_route=\/wp\/v2\/types\/page"}],"author":[{"embeddable":true,"href":"https:\/\/ammib.az\/index.php?rest_route=\/wp\/v2\/users\/1"}],"replies":[{"embeddable":true,"href":"https:\/\/ammib.az\/index.php?rest_route=%2Fwp%2Fv2%2Fcomments&post=2742"}],"version-history":[{"count":7,"href":"https:\/\/ammib.az\/index.php?rest_route=\/wp\/v2\/pages\/2742\/revisions"}],"predecessor-version":[{"id":2881,"href":"https:\/\/ammib.az\/index.php?rest_route=\/wp\/v2\/pages\/2742\/revisions\/2881"}],"wp:attachment":[{"href":"https:\/\/ammib.az\/index.php?rest_route=%2Fwp%2Fv2%2Fmedia&parent=2742"}],"curies":[{"name":"wp","href":"https:\/\/api.w.org\/{rel}","templated":true}]}}